 b - 2. What are the prime factors of c?
3
Let s(r) = -r**2 + 4*r + 11. Let t be s(5). Suppose -t*u = -u - 240. What are the prime factors of u?
2, 3
Suppose -b - 14 = -5*g, -b - 4*g = g - 16. Suppose a = -2*h - b, -5*h + a = 4*a + 3. Let q = h - -5. List the prime factors of q.
5
Let p = -98 - -121. List the prime factors of p.
23
Suppose -183 = -3*f - 3*t, 0*t + 64 = f - 2*t. What are the prime factors of f?
2, 31
Suppose -9*w - 47 = -10*w. What are the prime factors of w?
47
Suppose 0*u = u + 10. Let q = u + 5. Let z(g) = -g**3 - 6*g**2 - 7*g - 4. List the prime factors of z(q).
2, 3
Let k = 11 + 10. List the prime factors of k.
3, 7
Suppose 6 = 7*j - 4*j. Suppose -40 = -0*o - j*o. Let u = -10 + o. List the prime factors of u.
2, 5
Let z = 43 - 7. List the prime factors of z.
2, 3
Suppose -4*d + 23 - 7 = 0. Suppose 0 = -3*o - d*y + 82, 4*o + 2*y = y + 105. Suppose -3*q + o = -7. What are the prime factors of q?
11
Let i = -6 + 8. Let u = i + 11. Let t = u + -3. What are the prime factors of t?
2, 5
Let f = -4 + 101. List the prime factors of f.
97
Suppose 2*q - 3*r - 2*r = 78, 5*q - 153 = 2*r. What are the prime factors of q?
29
What are the prime factors of 0 - 2/1 - -50?
2, 3
Let i = 3 - 1. Let u(z) = -z**2 - z + 1. Let c be u(i). What are the prime factors of (-6)/(-5)*(0 - c)?
2, 3
Let c be (2 - 4)/((-1)/4). Suppose 4*l + c = 6*l. What are the prime factors of l?
2
Suppose 2*i + 20 = 7*i, 2*h - 36 = -3*i. Suppose 4*g - 5*c = 16, 4*g = -c + h + 4. What are the prime factors of g?
2
List the prime factors of 3/(-15) - 2644/(-20).
2, 3, 11
Suppose -5*f = -f - 16. Let u(j) = -f + 3*j**2 + j**3 + 4*j**2 - 8*j - 2*j**2. List the prime factors of u(-6).
2
Suppose 0 = 2*q - 4*f + 4, -q - 5 = 2*f - 5*f. List the prime factors of q/(16/15)*4.
3, 5
List the prime factors of (-156)/(-16) - 3/4.
3
Let u be (21/(-4) + 3)*4. Let d = 11 + u. List the prime factors of d.
2
Let r = 8 - 6. Suppose -s - r*s = -39. List the prime factors of s.
13
Suppose 4*x + 5*k = 361 + 2, 0 = 4*x + 3*k - 365. List the prime factors of x.
2, 23
Let t(g) be the second derivative of g**3/6 - 3*g**2/2 + 3*g. Let h be t(6). What are the prime factors of 3 - 3*1/h?
2
Let x(p) be the third derivative of -p**6/120 - 3*p**5/20 - 5*p**4/24 - p**3 - 5*p**2. What are the prime factors of x(-9)?
3, 13
Suppose -l = 3, -2*h = 4*l - 5*l - 653. What are the prime factors of h?
5, 13
Let o(s) be the second derivative of -s**3/6 - 3*s**2/2 - 3*s. Let k be o(-3). Suppose -2*r + 88 = 5*i - 5*r, -i + 3*r + 8 = k. What are the prime factors of i?
2, 5
Suppose 147 = 7*j + 21. What are the prime factors of j?
2, 3
Suppose -r + 33 = -17. What are the prime factors of r?
2, 5
Suppose -t = -6*t + 15. Let u = t - 0. List the prime factors of u.
3
Let d(w) = -w**3 - 13*w**2 - 16*w + 10. List the prime factors of d(-12).
2, 29
Let n(g) = -g**3 + 8*g**2 - 6*g + 8. Let m(v) = -v**3 + 8*v**2 - 7*v + 8. Let o(h) = -4*m(h) + 3*n(h). Let f = 6 + 1. What are the prime factors of o(f)?
13
Let r = -88 - -136. What are the prime factors of r?
2, 3
What are the prime factors of 1 + 1 + 49 + 0?
3, 17
Let h(l) = -l**2 + 8*l + 8. Let i be h(7). List the prime factors of (i/6 - 3)*-38.
19
Suppose -2*o - 3 = -5*p + 3, -3*p = -4*o + 2. Suppose o*x + 0*x - 28 = 0. List the prime factors of x.
2, 7
Let l(n) = -n**3 + n**2 - 2*n + 5. Let c be l(0). Suppose 73 = c*h - 52. List the prime factors of h.
5
Suppose 62 + 58 = 4*t. List the prime factors of t.
2, 3, 5
Let j be (-5)/(-10)*4*2. Suppose u = 16 - j. Suppose 3*t = u - 0. List the prime factors of t.
2
Let t = 1 + 1. Suppose -3*f + t*y = -7, -f + 5*y - 20 = -6*f. What are the prime factors of f?
3
Let w = 7 + -6. Let j be -2*2/(-4) - w. Suppose j = x - 10 + 1. What are the prime factors of x?
3
Let t = -3 - -9. Let r = -5 + t. List the prime factors of 1/(r/1) + 19.
2, 5
Let m = -2 + 0. What are the prime factors of 11 + (m - 0/(-2))?
3
Let w(z) be the first derivative of z**3/3 + 2*z**2 + 3*z + 2. Let p be w(-5). Let q = p + -3. List the prime factors of q.
5
Suppose 0 = 6*t - t - 10. Suppose -t*v - 20 = 5*l, 3*v + l + 4 = -2*v. Suppose 0*y + 3*y - 30 = v. What are the prime factors of y?
2, 5
Let p(l) = -l**2 + 10*l - 5. Let j be p(9). Let a = j - -2. What are the prime factors of a?
2, 3
Suppose 8 = 7*w - 3*w. Let d be (-37)/1 + w/2. What are the prime factors of (3/4)/((-3)/d)?
3
Suppose -2*g + 7 + 13 = 0. List the prime factors of g.
2, 5
Let l(h) = 2*h**2 + 2*h - 6. Let i be l(-3). Let t = i - -1. List the prime factors of t.
7
Suppose 2*g = 3*x - 3, 6*x + 11 = -2*g + x. Let k = 19 - g. List the prime factors of k.
2, 11
Let f(m) = -m - 1. Let b be f(-6). Let y = 11 - b. What are the prime factors of y?
2, 3
Let a(n) = -6*n**3 + n**2 + n + 1. Suppose 5*m - 2*b = 1, 0*m + 5 = -2*m - b. List the prime factors of a(m).
7
Let b be (1 + -2)*(1 - 1). Suppose -4*f + 52 = 2*y, 4*y + 4*f - 66 - 38 = b. What are the prime factors of y?
2, 13
Suppose -3*s = -7*s + 32. List the prime factors of (s/10)/(8/180).
2, 3
Suppose -o + 0 + 2 = 0. Suppose -4*q = o*a + 12, -18 = -2*a - q + 3*q. Suppose a*l - 14 = -2*p, 0*p - 17 = -4*l - 3*p. What are the prime factors of l?
2
Suppose -w = -0*w - 40. Suppose w = 3*j - 2. What are the prime factors of j?
2, 7
What are the prime factors of (-172)/(-3) + (-3)/9?
3, 19
Let l be 1*(-12)/(0 + 2). Let m be (-1 - -4) + 3 + l. Suppose 4*n - n - 45 = m. List the prime factors of n.
3, 5
Let g(z) = -z**2 + 8*z + 9. Let j be g(7). Suppose -c + j = c. List the prime factors of c.
2
Let n(h) = -h - 4. Let i be n(-10). Let j(x) = x**3 - 7*x**2 + 9*x - 5. What are the prime factors of j(i)?
13
Suppose 3*r - 2*s = -r + 20, -3*r + 28 = 5*s. Let i = r + 0. Suppose a + 2*a = i. List the prime factors of a.
2
Let i = 0 - -2. Suppose i*x = 3*f + 3*x - 176, -5*f + 292 = 2*x. Suppose -v - 4*v + f = 0. What are the prime factors of v?
2, 3
Let v = 41 - 29. What are the prime factors of 21*v/9 + 1?
29
Suppose f = 4*w + 5, -2 = f - 2*w + 5*w. Let l(z) = 8*z - 1. Let k be l(f). Let h = k + 0. List the prime factors of h.
7
Let w(b) = b + 5*b**2 - b**2 - 7 - b**3 + 3. Let m be w(4). List the prime factors of m - 1 - (0 + -6).
5
Let z = -34 + 82. Let x = -15 + z. What are the prime factors of x?
3, 11
Let r = -164 - -263. Suppose 0*s = 3*s - r. List the prime factors of s.
3, 11
Suppose 5*v - 5 = -5*l, -l = 4*v - 8 + 1. Let m(x) = x**2 - 4*x + 2 + x + x. What are the prime factors of m(v)?
2
Let q = 74 - 40. List the prime factors of q.
2, 17
Let x = 25 - 13. Let k = x + -7. What are the prime factors of k?
5
Let l(d) be the first derivative of d**2 + 2*d - 2. Let h be l(4). What are the prime factors of 25/2*12/h?
3, 5
Let a(t) = -t**3 + 7*t**2 + 19*t - 1. List the prime factors of a(9).
2
Let v(j) = 3*j - 4. Let u be v(-5). Let h = u + 42. What are the prime factors of h?
23
Let z(f) be the first derivative of -2*f**2 - 5*f - 5. List the prime factors of z(-6).
19
Let q(m) = -13*m + 5. List the prime factors of q(-3).
2, 11
Suppose 2*g = -3 - 17. What are the prime factors of g/5 + 36*1?
2, 17
Let a = 440 + -209. List the prime factors of a.
3, 7, 11
Suppose -5*q + 134 = p, -4*p - 2*q = 2*q - 568. What are the prime factors of p?
2, 3
Suppose -6*g + 8*g = 210. What are the prime factors of g?
3, 5, 7
Let s(z) = -190*z**3 - z**2 + z + 2. Let p be s(-1). Suppose 4*u = -u + p. What are the prime factors of u?
2, 19
Let x = 6 + -5. What are the prime factors of -4 - x/(4/(-144))?
2
Suppose 2 = 5*w - 23. Suppose 5*g + s - 6*s = -5, 2*g + 17 = w*s. Suppose g*x - 28 = 20. List the prime factors of x.
2, 3
Suppose 30 = 2*j - 30. Suppose 14 = 4*t - j. What are the prime factors of t?
11
Let q(j) be the second derivative of -j**2 + 1/4*j**4 - j - 1/2*j**3 + 0 + 1/20*j**5. List the prime factors of q(-3).
7
Let y = -25 - -46. Let d = y + -10. Suppose 4*w - 33 = d. List the prime factors of w.
11
Suppose q - 962 = -12*q. What are the prime factors of q?
2, 37
Suppose 2*a + 5*v - 25 = -3*a, 2*a + v - 6 = 0. Let z = 20 - a. What are the prime factors of z?
19
Suppose 0 = 4*i - 4*n - 8, n = 4*i - 4*n - 7. What are the prime factors of i?
3
Suppose -2*x - 10 = -o, -x = -4*o - 0*o + 19. Suppose t + o*t - 60 = 0. What are the prime factors of t?
2, 3
Let f be 2 - 1/1 - -2. S